of f and 66?
22
Suppose -3*v - 3*a = -165, -49 = -v + 2*a + 3*a. What is the highest common factor of v and 6?
6
Let b(p) = -6*p - 4. Let j be b(-6). Calculate the highest common divisor of j and 80.
16
Suppose 4*d = -d - 5*x + 60, -54 = -3*d + 3*x. Suppose i = 287 + 53. Let f = -175 + i. Calculate the highest common factor of f and d.
15
Let r = -5 - -19. Calculate the greatest common factor of r and 154.
14
Suppose -97 - 63 = -4*n. Let l(f) = -f**2 + 6*f. Suppose -2*j + 6 + 4 = 0. Let v be l(j). What is the greatest common factor of v and n?
5
Let k be (12/(-9))/(3/(-72)). Calculate the highest common factor of k and 256.
32
Suppose -64 = -9*o + o. What is the greatest common factor of 1 and o?
1
Let q = 109 + 24. What is the greatest common divisor of q and 7?
7
Let p = 23 + -6. Suppose 0 = 4*v + 7 + p. Let i be (v/2)/((-2)/4). Calculate the highest common factor of 42 and i.
6
Suppose 5*j + 3 = -2. Let y be ((-11)/3)/(j/3). What is the highest common divisor of 11 and y?
11
Let m(g) = -g + 18. Let w be m(0). Suppose -2*o + 48 = -3*t, -5*t + 2 = -4*t. Calculate the greatest common factor of w and o.
9
Suppose t - 4 = -t. Suppose -3*a + 15 = t*a. Suppose -5*g + a*g - 26 = -v, -106 = -5*v - 2*g. Calculate the greatest common factor of 55 and v.
11
Let d(f) = -2*f - 1. Let r be d(-3). Let w = 42 - 40. Calculate the greatest common divisor of r and w.
1
Suppose -5*o - 26 = -2*f, 0*f - 3*f + o + 13 = 0. Calculate the greatest common factor of f and 27.
3
Let y = -58 - -107. Let l = y + -33. What is the highest common divisor of l and 2?
2
Let z(h) = 4*h + 2. Let c be z(2). Let o be 2/(5/(c/4)). Let t be o - -13 - (-1 - -1). Calculate the highest common divisor of t and 35.
7
Let d(h) = h - 2. Let f be d(5). Let w be 34/6 - (-1)/f. Suppose 0*y = -3*y + w. Calculate the highest common factor of 6 and y.
2
Suppose n + o - 16 = 0, -4*n - n = -2*o - 115. Suppose 3*v + 7*c - n = 4*c, -4*v + 23 = -c. What is the greatest common factor of 4 and v?
2
Suppose 0 = -4*g + 2*j + 2*j - 36, -5*g - 17 = 2*j. Let f = g + 6. Let w be 4/(-6) + 23/3. Calculate the highest common factor of w and f.
1
Let z(h) = h**3 - h**2 + h + 2. Suppose t + 2 = f + 8, 0 = 2*f + 8. Let y be z(t). What is the greatest common factor of 64 and y?
8
Let y = -19 + 33. Let i = -553 - -277. Let z = -122 - i. What is the highest common divisor of y and z?
14
Let x(i) = -i - 4. Let a be x(-4). Suppose w - 5 = 3*m, -w + 1 = -a*w + m. What is the greatest common factor of w and 10?
2
Let d be 12/(-16) - (258/(-8))/3. What is the greatest common factor of d and 70?
10
Suppose -5*m - 8 = -28, 2*v = 5*m + 4. Calculate the greatest common factor of v and 48.
12
Suppose 3*h = 2*h + 13. Suppose 3*u + h = 55. Calculate the highest common factor of 7 and u.
7
Let r be (-2 - 6)/((-18)/27). What is the highest common divisor of r and 2?
2
Let w be 12/8*6*(1 - -5). What is the greatest common divisor of w and 18?
18
Let x be 54/(-36) + 42/4. Calculate the highest common divisor of 63 and x.
9
Let z = -10 - -21. Calculate the greatest common factor of 44 and z.
11
Suppose -i + 183 = -4*i. Let u = 105 + i. Suppose q = 2*q - 11. What is the highest common factor of u and q?
11
Let f(z) be the second derivative of 5*z**3/2 - 4*z**2 - 11*z. Suppose 2*m - 8 = m. Let g be f(m). What is the highest common factor of g and 14?
14
Let p be (-5)/((-20)/6)*22. Suppose -10 = -2*h + 12. What is the highest common factor of p and h?
11
Let b(v) = v + 17. Let r be b(-12). Let n = 14 + r. Calculate the greatest common divisor of 19 and n.
19
Suppose -5*o + 4*f + 113 = 0, o - 4*f = 16 - 3. Calculate the greatest common divisor of 10 and o.
5
Suppose -z + 4 = -13. Suppose -12*w + 10*w - 330 = -2*o, 0 = 4*o - 5*w - 655. Calculate the greatest common divisor of z and o.
17
Suppose -2*m = m - 51. What is the highest common divisor of m and 34?
17
Suppose -3*m - 2 = 5*i, 2*i + 5*m - 1 = -17. Calculate the highest common divisor of 16 and i.
2
Suppose 8*i - 5*i - 27 = 0. Let b(x) = -70*x**3 + x**2 + x. Let q be b(-1). Let a = q - -29. What is the greatest common factor of a and i?
9
Let i(s) = s**2 - 7*s + 7. Let o be i(7). Let m = -3 - -8. Suppose v = 4*h - 113, 109 = 3*h + m*v + 30. What is the greatest common divisor of h and o?
7
Suppose -6*s = -7*s + 25. Suppose -1 = 3*i + 5*r - 10, 5*i - s = -5*r. Calculate the greatest common divisor of 1 and i.
1
Let m = 206 - 164. What is the greatest common divisor of m and 105?
21
Suppose w + 5*t - 9 = 0, 3*t - 2 = 1. Suppose -k - 30 = -w*k. Suppose k = 2*q + 3*q. Calculate the greatest common divisor of 6 and q.
2
Suppose 4*p - 9 = 7. Suppose -10 = -p*d - 2. Suppose 17 = 5*q + 2*c, -2*q + c + 3 = -d*c. What is the greatest common factor of 1 and q?
1
Suppose 2*p - 8*p + 330 = 0. Calculate the greatest common factor of 11 and p.
11
Let d(a) = a + 24. Let r be d(-11). What is the greatest common divisor of r and 117?
13
Let l be -1 - -25 - (-7 - -11). Calculate the greatest common factor of 10 and l.
10
Suppose 2*g = l + 1, 2*g = -5*l + 7*g - 5. Let x be 4/(-2) + (-4)/l. Let v be (132/x)/(3 + -1). Calculate the greatest common divisor of 3 and v.
3
Let w(m) = -4*m**3 - 11 - 7*m + m + 9*m**2 + 3*m**3. Let a = 7 - -1. Let b be w(a). Calculate the greatest common divisor of 1 and b.
1
Let t = 8 - 7. Suppose 0 = -y - w + 5, 3*y - t = -2*w + 11. Let q be 9/y + 6/4. Calculate the highest common divisor of 6 and q.
6
Let x = 20 - 4. What is the highest common factor of 16 and x?
16
Let z be (-2 - 0) + (-54)/(-3). Suppose -3*y = -61 + z. Suppose -3*p + 78 + 102 = 0. Calculate the highest common factor of p and y.
15
Let r(d) = d**2 + 3*d - 6. Let l be r(3). Let q = 9 - 5. Calculate the greatest common divisor of q and l.
4
Suppose 6*a - 3*a = 78. What is the highest common factor of a and 130?
26
Suppose -14 - 6 = -b. Let m be 99 - 0 - -1*1. Calculate the highest common factor of b and m.
20
Let j be (49 - 1) + (0 - 0). Suppose -j = -2*b - b. Calculate the greatest common divisor of 4 and b.
4
Let j = 6 - 3. Suppose -4*f - 2*l = -242, -61 = -f - 4*l + j*l. Calculate the highest common factor of 40 and f.
20
Let s = -35 - -17. Let l = s + 30. What is the greatest common factor of l and 18?
6
Let x = -161 - -278. Calculate the highest common factor of x and 9.
9
Let b(n) = -n + 10. Let p be b(-5). What is the greatest common divisor of 30 and p?
15
Let c = -21 - -25. Let z be 6 + (-3)/(-4)*c. Calculate the highest common factor of 45 and z.
9
Suppose 3*j - 22 = 4*j. Let k be (-224)/j - (-4)/(-22). Let a(h) = -2*h**3 - h**2 - 3*h - 4. Let l be a(-3). Calculate the highest common factor of k and l.
10
Let l(f) = f**3 + 14*f**2 + 27*f - 1. Let w be l(-11). Calculate the highest common factor of w and 13.
13
Let u be ((-28)/42)/(1/(-12)). Calculate the greatest common divisor of u and 24.
8
Suppose -5*g = -7*g + 12. Suppose -231 = -5*o - 21. What is the greatest common factor of o and g?
6
Suppose -2*i + 5*l + 7 = -16, 0 = -4*i - 5*l + 1. Suppose q = i*q - 9. Let k be 90/40 + (-1)/4. What is the highest common divisor of k and q?
1
Let t(c) = 50*c - 44. Let l be t(6). Suppose -6*o + 96 = -3*o. What is the greatest common factor of o and l?
32
Suppose -f + 4*f - 135 = 0. Calculate the highest common divisor of 5 and f.
5
Let l(q) = 3*q**2 - 10*q. Let y = -11 - -18. Let t be l(y). Calculate the greatest common divisor of 7 and t.
7
Suppose -31 = -4*r + 25. What is the highest common divisor of 56 and r?
14
Suppose o + 4*o + g = 94, -3*g - 42 = -3*o. Suppose 4*k + 107 = 3*d, 0*d - 2 = -2*d. Let w be (1 + 3)/(k/(-39)). What is the greatest common factor of w and o?
6
Suppose 0 = -0*v - 5*v + 25. Suppose -4*n + 9*n + 15 = 0, -5*f = 2*n - 279. Suppose -f - 43 = -4*t. Calculate the highest common divisor of v and t.
5
Let i = -6 + 53. Let n = 68 - i. Suppose -n = -3*x - 6. What is the highest common divisor of 15 and x?
5
Let v = 10 - 2. Let x be (-26)/(-8)*v/1. Calculate the greatest common factor of x and 13.
13
Let w be (-10 + 4)*(-3 - 15/6). What is the greatest common divisor of w and 297?
33
Let m(q) = 5*q**2 + 4*q + 3. Let d be m(4). Calculate the greatest common factor of d and 11.
11
Suppose -5*v + 3*h + 222 = 6*h, -136 = -3*v + h. What is the highest common factor of 9 and v?
9
Suppose 3*m